Let l be q(-53). Let u(i) be the first derivative of 5/2*i**l - 7/3*i**3 + 2*i - 23 + 1/4*i**4. Determine u(6).
-4
Let b(m) = 71*m**2 + 17*m + 110. Let d(i) = -154*i**2 - 35*i - 230. Let z(s) = 13*b(s) + 6*d(s). Give z(-6).
-52
Let h(d) be the second derivative of 9*d**5/20 - d**4/6 + 5*d**3/6 - 3*d**2/2 + 239*d + 1. Calculate h(1).
9
Let i(b) = b**2 - 3*b - 5. Suppose 11*g = 23*g - 36. Suppose y = 3*q + 8 - g, 3*y = 3*q - 3. Determine i(y).
23
Let u = -129 - -123. Let j(d) = -2*d**2 - 3*d + 50. Let i be j(u). Let f(y) = 3*y + 5. Determine f(i).
-7
Let o(g) be the second derivative of -g**5/20 + g**4/4 - 2*g**2 - 31310*g. Let w(z) = -z**2 - 7*z - 7. Let u = 1 + -6. Let p be w(u). Give o(p).
-4
Let y(v) = -5 - 7*v**2 + 2*v + 0*v + 14*v + 17 + 8*v. What is y(4)?
-4
Let r be 224 + 3 + -5 + 5. Let v = 225 - r. Let z(f) = f**2 + 3*f + 1. Calculate z(v).
-1
Let k(p) be the third derivative of 0 + 0*p + 13/6*p**3 - 3/8*p**4 - 6*p**2 + 1/60*p**5. Let o be k(5). Let s(r) = -r**2 - 6*r - 1. Calculate s(o).
-8
Let r(j) be the second derivative of -j + 3/2*j**2 + 0 - 1/3*j**3. Let h = 8995 - 8990. Determine r(h).
-7
Let w(k) = 36*k**2 - 94*k**2 + 2*k - 17 + 65*k**2 - k**3. Determine w(7).
-3
Let l(u) = u**3 + 10*u**2 - 12*u - 7. Let v = -376 - -380. Suppose 3*o = v*t + 41, -5*o - 27 = -2*t + 4*t. Calculate l(t).
4
Let u(k) = -2*k + 4. Let w(v) = 2*v**2 - 3*v. Let y be w(-1). Suppose -4*t + 2*h + 34 = 0, 0 = -3*t + 2*t + y*h + 31. Calculate u(t).
-8
Suppose 7*a = -8*a + 30. Let s(z) = 13*z**3 - 19*z**2 + 17*z - 2. Let l(p) = -7*p**3 + 10*p**2 - 9*p + 1. Let b(r) = 11*l(r) + 6*s(r). Give b(a).
-3
Let w = 151 + -148. Let d be 5 + -3 - 3/(w/(-1)). Let b(z) be the third derivative of -z**5/60 + z**4/8 + z**3/2 - 16*z**2. What is b(d)?
3
Let x(q) = -5*q - 4. Let p(n) = 3*n + 2. Let w(k) = -9*p(k) - 4*x(k). Let i = -418 - -421. Calculate w(i).
-23
Let y = -1 + 1. Let v be (4*(-16)/(-12))/((-12)/18). Let g = y + v. Let f(u) = -u**2 - 9*u - 2. What is f(g)?
6
Let t(x) be the second derivative of 5*x**3/6 + 8*x**2 + 4*x. Suppose 1552*n - 5 = 1551*n + 4*l, 0 = l + 2. Give t(n).
1
Let a(w) be the first derivative of 24*w - 3/2*w**2 - 131. Calculate a(6).
6
Let m(p) = 7*p + 3. Suppose -4*x - 32 = 3*c, 3*c - 2 + 24 = -2*x. Let a(z) = -5*z - 13. Let t be a(x). Suppose 0*d - 4*d = t. What is m(d)?
-18
Let x(u) = u**3 + 6*u**2 + 7*u + 2. Suppose -4*z = -3*h + 16, 17 = -z + h + 3*h. Let n(v) = -37*v - 1. Let a be n(z). Let j = a - 41. What is x(j)?
-8
Suppose c + 18 = 4*p, -p + 2*c - 16 = -6*p. Suppose -4*w = -8*w - p. Let m(i) = i. Let s(j) = 5*j - 22. Let n(f) = w*s(f) + 6*m(f). Give n(0).
22
Let j(f) = -52*f - 130. Let g(a) = 168*a + 392. Let y(p) = -3*g(p) - 10*j(p). Calculate y(-9).
-20
Suppose 0 = 6*x - 73 + 37. Let u(p) = -2*p**3 + p**2 - p - 1. Let a(f) = 11*f**3 - 8*f**2 + 8*f + 9. Let o(l) = x*u(l) + a(l). Calculate o(-3).
6
Let g(j) = -j**2 - 4*j. Let m be g(-4). Let u(x) be the third derivative of -x**5/60 + x**4/24 + 10*x**3/3 - 29165*x**2. Calculate u(m).
20
Let v(x) = 23*x**2 + x. Let u(y) = 70*y**2 - 7*y + 15. Let o(f) = u(f) - 3*v(f). Determine o(10).
15
Let j be (1/5)/1 + 1211/2595. Let c(h) be the second derivative of -12*h + 0 + 4/3*h**3 - h**2 + 1/20*h**5 - j*h**4. Calculate c(7).
5
Suppose -1 = -2*f + 11. Suppose 3*s + f = -15. Let l(k) = 8*k - 1063 + k**2 - 4*k + 1056. Determine l(s).
14
Let t = 7 - 9. Let n(q) = 2*q + 6. Suppose -13*c + 9*c - 20 = 0. Let g(y) = -1. Let l(p) = c*g(p) - n(p). What is l(t)?
3
Let f(a) = a**3 - 2*a**2 + 2*a - 2. Let g(n) = n**2 - 147*n + 1112. Let p be g(8). What is f(p)?
-2
Suppose -3*r + 34 = 2*m + 19, -4*r + 3*m + 54 = 0. Let u(a) = a**3 - 8*a**2 - 5*a + 4. Determine u(r).
40
Let d(g) = 2*g - 9. Let w(u) = 2*u - 10 - 26*u - 4*u**2 + u + 3*u**2. Let t be w(-22). Suppose 5*r - t = -3*m - 4, 2*r - 14 = -3*m. What is d(m)?
3
Let s(k) = -k**2 + 1008*k - 3002. Let a be s(3). Let p(u) = 2*u**3 - 27*u**2 + 12*u + 8. What is p(a)?
-5
Let t(y) = y + 5*y - 5 + y + 9 + 0*y**2 - y**2. Determine t(7).
4
Let b be 5084/24 + (-11)/(-66). Let n = 215 - b. Let p(y) = -y**2 - 5*y + 2. Determine p(n).
-22
Let n(z) be the first derivative of -1/3*z**3 + 7/2*z**2 + 8*z + 231. Suppose -3*v = 9, -5*g + 2*v + 27 + 19 = 0. What is n(g)?
0
Let s(x) = -2*x**2 + 7. Let k(w) = -2*w**3 + 3*w**2 + 4*w - 22. Let t(m) = k(m) + 4*s(m). Determine t(-4).
38
Suppose -4*a + 29 = -3. Suppose -4*f + 16 = 2*m, -m + a + 3 = 3*f. Let j(x) = 0 + 3 + 0 + 0 - m*x. What is j(-6)?
15
Let a(b) = 2*b**2 + b - 1. Suppose -3*z = 2*z + 10. Let k be a(z). Let x(l) be the first derivative of -l**4/4 + 5*l**3/3 + l**2/2 + l + 40772. Give x(k).
6
Let n(s) = 3*s**3 - s**2. Let v be n(1). Let q(j) = 2*j - 151*j**2 - 18*j**3 + 287*j**2 - 15*j**3 - 2 + 29*j**3 - 136*j**2. Calculate q(v).
-30
Let g(o) = -2*o + 69. Let d(y) = -y**2 + 8*y + 31. Let j be d(5). Calculate g(j).
-23
Let j = 7933/2 - 3966. Let l(c) be the first derivative of 3*c + j*c**2 - 21. Determine l(-7).
-4
Let s(m) be the first derivative of 13*m**3/3 + 23*m**2/2 + 17*m - 12. Let l(f) = 7*f**2 + 12*f + 9. Let q(b) = -11*l(b) + 6*s(b). Calculate q(-5).
-2
Let t be (-3)/(-9) - (-10)/6. Let s(y) = -102 + 2*y**t + 102. Let q be 2 - (240/18 + -10)*6/5. Calculate s(q).
8
Let a(s) = -5*s**3 - 36*s**2 + 35*s + 41. Let v(f) = -3*f**3 - 24*f**2 + 23*f + 27. Let n(l) = 5*a(l) - 8*v(l). Give n(11).
11
Let s = -143 + 144. Suppose s = 7*d + 8. Let w(x) = -x**3 - x**2 - 1. Let k(q) = -6*q**3 - 7*q**2 - q - 5. Let y(p) = -k(p) + 5*w(p). What is y(d)?
0
Let t(k) = k**2 - 2*k + 1. Suppose -r - 12 = -0*r + 3*x, 2*r = -x + 1. Suppose -r*q - 5*o - 19 = 0, -q = 4*q - 3*o - 25. Let n = 4 - q. Give t(n).
1
Let y(x) = -47*x - 77. Let v(n) = -34*n - 50. Let d(j) = 7*v(j) - 5*y(j). Calculate d(12).
-1
Let w(x) = -5*x**2 + 2*x + 2. Let i be 6 + -1 + 0 - (153 - 147). Determine w(i).
-5
Let v(r) = -r - 2. Suppose 71*u = 126*u + 385. Calculate v(u).
5
Let r be ((-6)/(-5))/(((-1 - -5)/(-20))/(-1)). Suppose 0 = -0*u + 4*u - 8. Let h(g) = 0 + 0 + 6*g + u - g**2. Give h(r).
2
Let h(k) = k**3 + 6*k**2 - 5*k - 2. Suppose -13*s = 16*s. Let z be (-7 - s/2) + 0. What is h(z)?
-16
Let n(u) = -9722 - u + 4846 + 4862. Let g(f) = f**2 - 5*f - 4. Let q be g(4). What is n(q)?
-6
Let a = 150552 + -150553. Let r(n) = -18*n + 4. Let l(d) = -18*d + 5. Let s(p) = -3*l(p) + 4*r(p). What is s(a)?
19
Suppose -5 = 12*a + 90 - 23. Let b(y) be the third derivative of 6*y**2 + 0*y + 1/24*y**4 + 0 + 1/6*y**3. Determine b(a).
-5
Suppose 0*q + q + 1 = 4*v, 2*q = 5*v - 5. Let j(t) be the third derivative of t**4/6 - t**3/6 - 792*t**2 + 1. Calculate j(v).
-5
Let b(g) = -g**2 - 13*g + 5. Let p(i) = -6*i**2 - 80*i + 24. Let k(a) = 11*b(a) - 2*p(a). Calculate k(-2).
-23
Let j(o) = o**2 - 4*o. Let b(q) = -q**3 + 12*q**2 - 7*q + 33. Let a be b(11). Let s be ((-10)/(-14))/((-374)/a - -5). Give j(s).
5
Suppose 4*s + 3*d - 26 = 0, 2*s - 22 = -53*d + 50*d. Let j(r) = -5*r + 11. Determine j(s).
1
Suppose 0 = -i + 2*g + 16, -80*i + 81*i + 26 = -5*g. Let t(l) = 22*l - 81. What is t(i)?
7
Let y be (-2 + 14/5)/(82/205). Suppose 0*z + y*z = -4*v + 8, -v = z. Let b(s) = -2*s**3 + 5*s**2 + 3*s - 5. What is b(v)?
-41
Let j be 0/(0/2 - -1). Let t(c) = 4*c + 3*c - 7*c + 5 + c. Calculate t(j).
5
Let y(h) = -h**3 + 7*h**2 + 6*h - 41. Let g be y(7). Let v(z) = -10*z**2 - z. Calculate v(g).
-11
Let t = -44 - -56. Suppose t*o + 4 = 8*o. Let w(y) = 16*y**2 - 4*y**2 - 8*y**2 - 5*y**2 + 1. Calculate w(o).
0
Suppose 2*m - 6*m - 23 = -b, -3*m - 5*b = 0. Let f(p) be the second derivative of p**3/3 - 5*p**2/2 - 4*p - 19. Determine f(m).
-15
Let x be (-4)/3 + 18/(-27). Let g(r) = r + 9 - 4 - r**3 + r**2 + r**2 - 7. Calculate g(x).
12
Let c(k) = -3*k**2 + 3*k + 8. Suppose -3*h - 5*r + 6*r - 8 = 0, -2*h - 2*r = 8. What is c(h)?
-28
Let q(c) = -12 + 34*c**2 - 66*c**2 - 2*c**3 + 37*c**2 - 2 + c**3. Determine q(4).
2
Let b(p) = 2*p**3 - 22*p**2 + p - 18. Let i = -272 + 283. Let j be b(i). Let y(v) = -v**3 - 7*v**2 - v + 1. Give y(j).
8
Let p be 1*(8 - 2) + 0. Let y(t) = -p*t**2 - t**2 + 13*t**2 + 1. Determine y(-1).
7
Let x(q) be the second derivative of -q**5/10 - q**4/3 - q**3/6 - q**2 + q + 30. Calculate x(-3).
19
Let l(y) = -y**2 - 3*y - 3. Let c(f) be the first derivative of -5*f**2/2 + 170*f + 46. Let